of 1734 and 68.
34
What is the greatest common divisor of 1505 and 3080?
35
Calculate the greatest common divisor of 1264 and 79.
79
Calculate the greatest common factor of 66 and 2156.
22
Calculate the highest common divisor of 1406 and 3626.
74
Calculate the greatest common factor of 6 and 501.
3
What is the highest common divisor of 235 and 43475?
235
What is the greatest common divisor of 16 and 632?
8
Calculate the highest common factor of 51 and 816.
51
What is the greatest common divisor of 39 and 299?
13
What is the greatest common divisor of 35 and 595?
35
What is the highest common divisor of 42 and 357?
21
Calculate the highest common divisor of 731 and 43.
43
Calculate the greatest common factor of 33 and 1749.
33
What is the greatest common factor of 133 and 42?
7
What is the greatest common divisor of 25 and 400?
25
Calculate the greatest common divisor of 154 and 322.
14
Calculate the greatest common divisor of 119 and 7973.
119
Calculate the highest common factor of 82 and 42.
2
What is the highest common factor of 41 and 328?
41
What is the highest common factor of 15502 and 46?
46
What is the highest common divisor of 304 and 40?
8
What is the greatest common factor of 2227 and 153?
17
Calculate the greatest common factor of 344 and 2107.
43
Calculate the highest common factor of 198 and 2673.
99
Calculate the highest common divisor of 19 and 57.
19
Calculate the greatest common factor of 6057 and 9.
9
What is the greatest common divisor of 483 and 105?
21
What is the greatest common divisor of 26 and 403?
13
Calculate the highest common divisor of 53 and 1219.
53
Calculate the greatest common divisor of 181 and 75839.
181
Calculate the highest common factor of 600 and 192.
24
What is the greatest common divisor of 8 and 7220?
4
What is the highest common factor of 54 and 582?
6
What is the greatest common factor of 1760 and 32?
32
Calculate the highest common divisor of 7 and 73731.
7
What is the highest common divisor of 1054 and 1547?
17
What is the greatest common factor of 147 and 609?
21
What is the highest common divisor of 1075 and 40?
5
What is the highest common divisor of 22 and 110?
22
What is the highest common divisor of 11 and 41?
1
What is the greatest common divisor of 6523 and 11?
11
What is the greatest common factor of 170 and 119?
17
Calculate the highest common divisor of 11 and 99.
11
Calculate the greatest common factor of 4150 and 200.
50
Calculate the highest common factor of 10 and 905.
5
Calculate the highest common divisor of 10894 and 52.
26
Calculate the highest common divisor of 500 and 20.
20
Calculate the highest common divisor of 132 and 561.
33
What is the highest common factor of 11692 and 444?
148
Calculate the greatest common divisor of 64 and 544.
32
Calculate the greatest common factor of 60 and 130.
10
Calculate the greatest common factor of 37 and 15503.
37
What is the highest common divisor of 5401 and 77?
11
What is the greatest common divisor of 80 and 176?
16
What is the greatest common divisor of 36 and 4?
4
What is the greatest common factor of 9 and 51?
3
What is the greatest common factor of 424 and 24?
8
What is the highest common factor of 23156 and 28?
28
What is the greatest common divisor of 27 and 6?
3
What is the greatest common factor of 66 and 1056?
66
Calculate the highest common factor of 12 and 2796.
12
What is the greatest common factor of 70 and 3864?
14
What is the highest common divisor of 61 and 1037?
61
What is the greatest common factor of 40 and 40?
40
What is the highest common divisor of 30 and 1470?
30
What is the highest common divisor of 6 and 1857?
3
What is the highest common divisor of 116 and 609?
29
Calculate the highest common factor of 408 and 504.
24
What is the highest common divisor of 11218 and 142?
142
What is the greatest common divisor of 30 and 24?
6
Calculate the highest common divisor of 28 and 238.
14
What is the greatest common factor of 51 and 9996?
51
What is the greatest common factor of 399 and 903?
21
What is the greatest common divisor of 154 and 682?
22
What is the highest common factor of 58618 and 106?
106
Calculate the highest common factor of 4113 and 18.
9
Calculate the highest common factor of 1156 and 4.
4
Calculate the highest common factor of 274 and 2.
2
What is the highest common factor of 32 and 1232?
16
Calculate the highest common divisor of 912 and 12.
12
What is the highest common factor of 21 and 581?
7
Calculate the greatest common divisor of 336 and 5124.
84
Calculate the greatest common factor of 493 and 17.
17
Calculate the greatest common divisor of 2540 and 5.
5
What is the greatest common divisor of 180 and 9?
9
Calculate the highest common factor of 1656 and 72.
72
What is the greatest common factor of 69 and 368?
23
What is the greatest common divisor of 1810 and 40?
10
Calculate the greatest common divisor of 544 and 34.
34
Calculate the highest common divisor of 319 and 2436.
29
Calculate the highest common divisor of 715 and 5555.
55
Calculate the greatest common factor of 3 and 2157.
3
Calculate the greatest common divisor of 6365 and 285.
95
Calculate the greatest common factor of 56 and 1792.
56
Calculate the highest common divisor of 6 and 166.
2
What is the highest common factor of 7 and 5?
1
Calculate the greatest common divisor of 24 and 3858.
6
What is the greatest common factor of 1674 and 459?
27
What is the greatest common divisor of 66 and 12078?
66
What is the greatest common factor of 9 and 2043?
9
What is the greatest common factor of 429 and 91?
13
Calculate the greatest common divisor of 100 and 72.
4
Calculate the greatest common divisor of 138 and 15870.
138
Calculate the highest common factor of 50 and 5990.
10
Calculate the greatest common divisor of 61387 and 391.
391
Calculate the greatest common factor of 8760 and 292.
292
Calculate the greatest common divisor of 6 and 46.
2
What is the greatest common divisor of 4767 and 21?
21
What is the greatest common divisor of 2997 and 111?
111
What is the greatest common divisor of 21 and 3?
3
What is the highest common divisor of 3682 and 28?
14
Calculate the highest common factor of 40 and 440.
40
What is the highest common divisor of 284 and 4402?
142
What is the highest common divisor of 20 and 295?
5
Calculate the greatest common factor of 2256 and 120.
24
Calculate the highest common factor of 112 and 28.
28
Calculate the highest common divisor of 3350 and 90.
10
What is the greatest common factor of 156 and 6162?
78
Calculate the highest common divisor of 3348 and 702.
54
What is the greatest common factor of 104 and 338?
26
What is the greatest common divisor of 6724 and 8?
4
What is the greatest common divisor of 122 and 1586?
122
Calculate the greatest common divisor of 300 and 125.
25
Calculate the highest common divisor of 238 and 84.
14
Calculate the greatest common factor of 40 and 45.
5
What is the highest common divisor of 870 and 725?
145
Calculate the highest common factor of 10 and 415.
5
What is the highest common divisor of 885 and 105?
15
What is the greatest common factor of 323 and 119?
17
What is the highest common divisor of 5723 and 582?
97
Calculate the highest common divisor of 810 and 162.
162
What is the greatest common factor of 16 and 3144?
8
What is the greatest common factor of 1080 and 3560?
40
What is the greatest common factor of 40 and 6592?
8
Calculate the greatest common factor of 80 and 1128.
8
Calculate the highest common factor of 2552 and 3509.
319
What is the highest common factor of 20 and 4830?
10
What is the highest common factor of 90 and 3210?
30
Calculate the highest common factor of 1691 and 356.
89
What is the highest common divisor of 117 and 39?
39
What is the highest common factor of 1188 and 972?
108
Calculate the highest common factor of 24 and 344.
8
What is the highest common divisor of 4102 and 21?
7
What is the highest common divisor of 135 and 20?
5
Calculate the highest common divisor of 14 and 1024.
2
Calculate the greatest common factor of 12 and 501.
3
Calculate the greatest common factor of 24 and 984.
24
Calculate the highest common divisor of 84 and 56.
28
Calculate the greatest common divisor of 4208 and 16.
16
What is the highest common divisor of 184 and 